{"id":366,"date":"2017-01-10T00:32:10","date_gmt":"2017-01-09T23:32:10","guid":{"rendered":"http:\/\/151.80.143.109\/?page_id=366&#038;lang=es"},"modified":"2018-08-07T01:46:49","modified_gmt":"2018-08-06T23:46:49","slug":"biografia","status":"publish","type":"page","link":"https:\/\/cheikh-maelainin.com\/?page_id=366&lang=es","title":{"rendered":"Biograf\u00eda"},"content":{"rendered":"<p><strong><u>BIOGRAFIA<\/u><\/strong><\/p>\n<p>&nbsp;<\/p>\n<p>Cheikh Maelainin\u00a0:<\/p>\n<p>Se llama Sidi Al Mostafa Ben Cheikh Mohammed Fadel (nacido en el a\u00f1o 1797 y fallecido en el a\u00f1o 1869), Ben Cheikh Mohammed Al Amin, Alias \u201cMamin\u201d Al Qalqami Al Idrissi Al Hassani, nacido el martes 27 de Chaabane del a\u00f1o 1246 hegiriano correspondiente al 11 de febrero de 1831, falleci\u00f3 el d\u00eda 21 de Chaoual de 1328 hegiriano, correspondiente al 25 de octubre del a\u00f1o 1910, su\u00a0 madre, de nombre de Mnina o Manna Bint Al Maaloum Ben Sidi perteneciente a la tribu Ijayjeb.<\/p>\n<p>Cheikh Maelainin creci\u00f3 con su padre y aprendi\u00f3 de \u00e9l las ciencias religiosas, asimismo, aprendi\u00f3 el Cor\u00e1n con la versi\u00f3n de Warch a los 10 a\u00f1os, y volvi\u00f3 a aprenderlo con las siete versiones, se esforz\u00f3 mucho en aprender de su padre y de sus jeques, tal y como el Cheikh Mohammed Fadel Ben Al Habib Al Yaacoubi. Sobre ello, dice el sabio Cheikh Mohammed Abdullah Ben Takrour, en testimonio de su sabidur\u00eda \u201cera de los que m\u00e1s reconocimiento llevaba en las ciencias, se graduaba desde su juventud a la mano de su padre\u2026\u201d<\/p>\n<p>El Cheikh Maelainin empez\u00f3 su carrera al lado de su padre el Cheikh Mohammed Fadel Ben Mamin, y cuando su padre lo gradu\u00f3, ha viajado al pa\u00eds del Sahel y Tindouf en b\u00fasqueda de la ciencia y apelaci\u00f3n a dios. Mientras tanto, el Cheikh peregrin\u00f3 a la Meca en el a\u00f1o 1858, pasando por Fez, Egipto y Al Hijaz.<\/p>\n<p>En aquel largo viaje, El Cheikh tuvo la oportunidad de ver de cerca el estado del mundo musulm\u00e1n y ponerse al tanto de las novedades del mismo y del inmenso desarrollo de la civilizaci\u00f3n del medio oriente.<\/p>\n<p>Asimismo, El Cheikh aprovech\u00f3 de su viaje para conocer y desarrollar s\u00f3lidas relaciones con los reyes alauitas impresionados con su persona, su sabidur\u00eda y conocimiento\u2026<\/p>\n<p>Aquello fue la premisa del imperio del Cheikh Maelainin en el Sahara que contaba en sus filas miles y miles de fieles, cuyo lugar era la ciudad que el propio Cheikh construy\u00f3 y bautiz\u00f3 ES-SMARA y que, m\u00e1s adelante, la Castilla del resistencia contra los colones y la f\u00e1brica de cientos y cientos de sabios a lo largo de la historia del Sahara.<\/p>\n<p>Sin embargo, y tras la penetraci\u00f3n colonialista en la regi\u00f3n, que el Cheikh consider\u00f3 como una intromisi\u00f3n hostil de pa\u00edses extranjeros, el propio Cheikh ha declarado la guerra al colonialismo franc\u00e9s, y ha comenzado a preparar y motivar a sus disc\u00edpulos y a las tribus siendo as\u00ed el eje central de la comunicaci\u00f3n entre el imperio alau\u00ed y el Sahara.<\/p>\n<p>&nbsp;<\/p>\n<p>&nbsp;<\/p>\n","protected":false},"excerpt":{"rendered":"BIOGRAFIA &nbsp; Cheikh Maelainin\u00a0: Se llama Sidi Al Mostafa Ben Cheikh Mohammed Fadel (nacido en el a\u00f1o 1797 y fallecido en el a\u00f1o 1869), Ben Cheikh Mohammed Al Amin, Alias \u201cMamin\u201d Al Qalqami Al Idrissi Al Hassani, nacido el martes 27 de Chaabane del a\u00f1o 1246 hegiriano correspondiente al 11 de febrero de 1831, falleci\u00f3","protected":false},"author":1,"featured_media":0,"parent":211,"menu_order":0,"comment_status":"closed","ping_status":"closed","template":"","meta":{"_acf_changed":false,"om_disable_all_campaigns":false,"_monsterinsights_skip_tracking":false,"_monsterinsights_sitenote_active":false,"_monsterinsights_sitenote_note":"","_monsterinsights_sitenote_category":0,"footnotes":""},"class_list":["post-366","page","type-page","status-publish","hentry"],"acf":[],"aioseo_notices":[],"_links":{"self":[{"href":"https:\/\/cheikh-maelainin.com\/index.php?rest_route=\/wp\/v2\/pages\/366","targetHints":{"allow":["GET"]}}],"collection":[{"href":"https:\/\/cheikh-maelainin.com\/index.php?rest_route=\/wp\/v2\/pages"}],"about":[{"href":"https:\/\/cheikh-maelainin.com\/index.php?rest_route=\/wp\/v2\/types\/page"}],"author":[{"embeddable":true,"href":"https:\/\/cheikh-maelainin.com\/index.php?rest_route=\/wp\/v2\/users\/1"}],"replies":[{"embeddable":true,"href":"https:\/\/cheikh-maelainin.com\/index.php?rest_route=%2Fwp%2Fv2%2Fcomments&post=366"}],"version-history":[{"count":3,"href":"https:\/\/cheikh-maelainin.com\/index.php?rest_route=\/wp\/v2\/pages\/366\/revisions"}],"predecessor-version":[{"id":970,"href":"https:\/\/cheikh-maelainin.com\/index.php?rest_route=\/wp\/v2\/pages\/366\/revisions\/970"}],"up":[{"embeddable":true,"href":"https:\/\/cheikh-maelainin.com\/index.php?rest_route=\/wp\/v2\/pages\/211"}],"wp:attachment":[{"href":"https:\/\/cheikh-maelainin.com\/index.php?rest_route=%2Fwp%2Fv2%2Fmedia&parent=366"}],"curies":[{"name":"wp","href":"https:\/\/api.w.org\/{rel}","templated":true}]}}