{"id":140,"date":"2016-11-15T17:07:32","date_gmt":"2016-11-15T16:07:32","guid":{"rendered":"http:\/\/151.80.143.109\/fr\/%d8%a3%d8%ae%d8%a8%d8%a7%d8%b1-%d9%88-%d8%a3%d8%ad%d8%af%d8%a7%d8%ab\/"},"modified":"2016-11-30T00:11:35","modified_gmt":"2016-11-29T23:11:35","slug":"%d8%a3%d8%ae%d8%a8%d8%a7%d8%b1-%d9%88-%d8%a3%d8%ad%d8%af%d8%a7%d8%ab","status":"publish","type":"page","link":"https:\/\/cheikh-maelainin.com\/?page_id=140&lang=fr","title":{"rendered":"Actualit\u00e9s et \u00e9v\u00e9nements"},"content":{"rendered":"","protected":false},"excerpt":{"rendered":"","protected":false},"author":1,"featured_media":0,"parent":0,"menu_order":0,"comment_status":"open","ping_status":"closed","template":"news.php","meta":{"_acf_changed":false,"om_disable_all_campaigns":false,"_monsterinsights_skip_tracking":false,"_monsterinsights_sitenote_active":false,"_monsterinsights_sitenote_note":"","_monsterinsights_sitenote_category":0,"footnotes":""},"class_list":["post-140","page","type-page","status-publish","hentry"],"acf":[],"aioseo_notices":[],"_links":{"self":[{"href":"https:\/\/cheikh-maelainin.com\/index.php?rest_route=\/wp\/v2\/pages\/140","targetHints":{"allow":["GET"]}}],"collection":[{"href":"https:\/\/cheikh-maelainin.com\/index.php?rest_route=\/wp\/v2\/pages"}],"about":[{"href":"https:\/\/cheikh-maelainin.com\/index.php?rest_route=\/wp\/v2\/types\/page"}],"author":[{"embeddable":true,"href":"https:\/\/cheikh-maelainin.com\/index.php?rest_route=\/wp\/v2\/users\/1"}],"replies":[{"embeddable":true,"href":"https:\/\/cheikh-maelainin.com\/index.php?rest_route=%2Fwp%2Fv2%2Fcomments&post=140"}],"version-history":[{"count":1,"href":"https:\/\/cheikh-maelainin.com\/index.php?rest_route=\/wp\/v2\/pages\/140\/revisions"}],"predecessor-version":[{"id":141,"href":"https:\/\/cheikh-maelainin.com\/index.php?rest_route=\/wp\/v2\/pages\/140\/revisions\/141"}],"wp:attachment":[{"href":"https:\/\/cheikh-maelainin.com\/index.php?rest_route=%2Fwp%2Fv2%2Fmedia&parent=140"}],"curies":[{"name":"wp","href":"https:\/\/api.w.org\/{rel}","templated":true}]}}